{"id":134,"date":"2020-01-05T22:26:10","date_gmt":"2020-01-05T21:26:10","guid":{"rendered":"http:\/\/ovh.sylvainrecule.fr\/?page_id=134"},"modified":"2020-01-05T22:34:23","modified_gmt":"2020-01-05T21:34:23","slug":"ajout-de-photo","status":"publish","type":"page","link":"https:\/\/www.bdecesilarochelle.fr\/index.php\/ajout-de-photo\/","title":{"rendered":"Ajout de photo"},"content":{"rendered":"<div class=\"everest-forms\"><div class=\"evf-container default\" id=\"evf-136\"><form id=\"evf-form-136\" class=\"everest-form\" data-formid=\"136\" data-ajax_submission=\"0\" data-keyboard_friendly_form=\"0\" data-form_state_type=\"\" method=\"post\" enctype=\"multipart\/form-data\" action=\"\/index.php\/wp-json\/wp\/v2\/pages\/134\"><div class=\"evf-field-container\"><input type=\"hidden\" id=\"_wpnonce136\" name=\"_wpnonce136\" value=\"f68a6bf869\" \/><input type=\"hidden\" name=\"_wp_http_referer\" value=\"\/index.php\/wp-json\/wp\/v2\/pages\/134\" \/><div class=\"evf-frontend-row\" data-row=\"row_1\" conditional_rules=\"[]\"><div class=\"evf-frontend-grid evf-grid-1\" data-grid=\"grid_1\"><div id=\"evf-136-field_2QdFESAqLI-1-container\" class=\"evf-field evf-field-text form-row validate-required\" data-required-field-message=\"Cette question est obligatoire.\" data-field-id=\"2QdFESAqLI-1\"><label class=\"evf-field-label\" for=\"evf-136-field_2QdFESAqLI-1\"><span class=\"evf-label\">Intitul\u00e9 de l'\u00e9v\u00e9nement<\/span> <abbr class=\"required\" title=\"N\u00e9cessaire\">*<\/abbr><\/label><input type=\"text\" id=\"evf-136-field_2QdFESAqLI-1\" class=\"input-text\" name=\"everest_forms[form_fields][2QdFESAqLI-1]\" conditional_id=\"2QdFESAqLI-1\" required><\/div><div id=\"evf-136-field_W4ypIutdIj-2-container\" class=\"evf-field evf-field-date-time form-row\" data-field-id=\"W4ypIutdIj-2\"><label class=\"evf-field-label\" for=\"evf-136-field_W4ypIutdIj-2\"><span class=\"evf-label\">Date de l'\u00e9v\u00e9nement<\/span> <\/label><input type=\"text\" id=\"evf-136-field_W4ypIutdIj-2\" class=\"flatpickr-field input-text\" name=\"everest_forms[form_fields][W4ypIutdIj-2]\" data-time-interval=\"15\" data-date-time=\"date\" data-mode=\"single\" data-locale=\"en\" data-date-format=\"Y-m-d\" conditional_id=\"W4ypIutdIj-2\"  ><\/div><div id=\"evf-136-field_vpGRjbAr2Y-3-container\" class=\"evf-field evf-field-image-upload form-row validate-required\" data-required-field-message=\"Cette question est obligatoire.\" data-field-id=\"vpGRjbAr2Y-3\"><label class=\"evf-field-label evf-label-hide\" for=\"evf-136-field_vpGRjbAr2Y-3\"><span class=\"evf-label\">Image Upload<\/span> <abbr class=\"required\" title=\"N\u00e9cessaire\">*<\/abbr><\/label>\t\t<div class=\"everest-forms-uploader\"\n\t\t\tdata-field-id=\"vpGRjbAr2Y-3\"\n\t\t\tdata-form-id=\"136\"\n\t\t\tdata-input-name=\"everest_forms_136_vpGRjbAr2Y-3\"\n\t\t\tdata-extensions=\"jpg,jpeg,jpe,gif,png,bmp,tif,tiff,ico,heic,heif,webp,avif\"\n\t\t\tdata-max-size=\"134217728\"\n\t\t\tdata-max-file-number=\"1\"\n\t\t\tdata-post-max-size=\"134217728\">\n\t\t\t<div class=\"dz-message\">\n\t\t\t\t<svg xmlns=\"http:\/\/www.w3.org\/2000\/svg\" viewBox=\"0 0 32 32\" width=\"32px\" height=\"32px\" fill=\"#868e96\"><path class=\"cls-1\" d=\"M18.12,17.52,17,16.4V25a1,1,0,0,1-2,0V16.4l-1.12,1.12a1,1,0,0,1-1.42,0,1,1,0,0,1,0-1.41l2.83-2.83a1,1,0,0,1,1.42,0l2.83,2.83a1,1,0,0,1-.71,1.7A1,1,0,0,1,18.12,17.52ZM22,22H20a1,1,0,0,1,0-2h2a4,4,0,0,0,.27-8,1,1,0,0,1-.84-.57,6,6,0,0,0-11.36,1.69,1,1,0,0,1-1,.86H9A3,3,0,0,0,9,20h3a1,1,0,0,1,0,2H9a5,5,0,0,1-.75-9.94A8,8,0,0,1,23,10.1,6,6,0,0,1,22,22Z\"\/><\/svg>\n\t\t\t\t<span class=\"everest-forms-upload-title\">\n\t\t\t\t\tDrop your file here or click here to upload\t\t\t\t<\/span>\n\n\t\t\t\t\t\t\t<\/div>\n\t\t<\/div>\n\t\t<input type=\"text\" class=\"dropzone-input input-text\" id=\"everest-forms-136-field_vpGRjbAr2Y-3\" name=\"everest_forms_136_vpGRjbAr2Y-3\" required conditional_id=\"vpGRjbAr2Y-3\" conditional_rules=''>\n\t\t<\/div><\/div><\/div><\/div><div class=\"evf-honeypot-container evf-field-hp\"><label for=\"evf-136-field-hp\" class=\"evf-field-label\">Email<\/label><input type=\"text\" name=\"everest_forms[hp]\" id=\"evf-136-field-hp\" class=\"input-text\"><\/div><div class=\"evf-submit-container \" ><input type=\"hidden\" name=\"everest_forms[id]\" value=\"136\"><input type=\"hidden\" name=\"everest_forms[author]\" value=\"1\"><button type='submit' name='everest_forms[submit]' class='everest-forms-submit-button button evf-submit ' id='evf-submit-136' value='evf-submit' data-process-text=\"En cours\u2026\" conditional_rules='&quot;&quot;' conditional_id='evf-submit-136'  id=\"evf-submit-136\" aria-live=\"assertive\">Envoyer<\/button><\/div><\/form><\/div><!-- .evf-container --><\/div>\n","protected":false},"excerpt":{"rendered":"","protected":false},"author":1,"featured_media":0,"parent":0,"menu_order":0,"comment_status":"closed","ping_status":"closed","template":"","meta":{"footnotes":""},"class_list":["post-134","page","type-page","status-publish","hentry"],"_links":{"self":[{"href":"https:\/\/www.bdecesilarochelle.fr\/index.php\/wp-json\/wp\/v2\/pages\/134","targetHints":{"allow":["GET"]}}],"collection":[{"href":"https:\/\/www.bdecesilarochelle.fr\/index.php\/wp-json\/wp\/v2\/pages"}],"about":[{"href":"https:\/\/www.bdecesilarochelle.fr\/index.php\/wp-json\/wp\/v2\/types\/page"}],"author":[{"embeddable":true,"href":"https:\/\/www.bdecesilarochelle.fr\/index.php\/wp-json\/wp\/v2\/users\/1"}],"replies":[{"embeddable":true,"href":"https:\/\/www.bdecesilarochelle.fr\/index.php\/wp-json\/wp\/v2\/comments?post=134"}],"version-history":[{"count":3,"href":"https:\/\/www.bdecesilarochelle.fr\/index.php\/wp-json\/wp\/v2\/pages\/134\/revisions"}],"predecessor-version":[{"id":138,"href":"https:\/\/www.bdecesilarochelle.fr\/index.php\/wp-json\/wp\/v2\/pages\/134\/revisions\/138"}],"wp:attachment":[{"href":"https:\/\/www.bdecesilarochelle.fr\/index.php\/wp-json\/wp\/v2\/media?parent=134"}],"curies":[{"name":"wp","href":"https:\/\/api.w.org\/{rel}","templated":true}]}}